
7
Calculate the remainder when 2986167 is divided by 28.
23
Calculate the remainder when 60369 is divided by 51.
36
Calculate the remainder when 16110 is divided by 447.
18
What is the remainder when 114678 is divided by 38169?
171
What is the remainder when 9409 is divided by 67?
29
Calculate the remainder when 48919 is divided by 9705.
394
Calculate the remainder when 31853 is divided by 601.
0
Calculate the remainder when 40006 is divided by 1176.
22
Calculate the remainder when 13361 is divided by 2117.
659
What is the remainder when 5077 is divided by 1501?
574
Calculate the remainder when 250025 is divided by 242.
39
Calculate the remainder when 7916 is divided by 7909.
7
Calculate the remainder when 22940 is divided by 1045.
995
What is the remainder when 18752 is divided by 317?
49
Calculate the remainder when 9429 is divided by 284.
57
What is the remainder when 33104 is divided by 84?
8
What is the remainder when 1276867 is divided by 11?
9
Calculate the remainder when 9893 is divided by 2414.
237
What is the remainder when 12407 is divided by 117?
5
What is the remainder when 19997 is divided by 63?
26
Calculate the remainder when 6830 is divided by 55.
10
Calculate the remainder when 86150 is divided by 68.
62
What is the remainder when 62467 is divided by 35?
27
Calculate the remainder when 4057717 is divided by 244.
241
Calculate the remainder when 6354 is divided by 3176.
2
What is the remainder when 12065 is divided by 28?
25
What is the remainder when 1970 is divided by 392?
10
What is the remainder when 865 is divided by 439?
426
What is the remainder when 2037 is divided by 103?
80
Calculate the remainder when 2202190 is divided by 734063.
1
What is the remainder when 28206 is divided by 3?
0
Calculate the remainder when 256684 is divided by 85540.
64
Calculate the remainder when 34319 is divided by 675.
569
What is the remainder when 133723 is divided by 215?
208
What is the remainder when 90063 is divided by 8187?
6
Calculate the remainder when 94510 is divided by 35.
10
Calculate the remainder when 47 is divided by 39.
8
Calculate the remainder when 2921 is divided by 18.
5
Calculate the remainder when 1868 is divided by 624.
620
What is the remainder when 817735 is divided by 111?
109
Calculate the remainder when 63979 is divided by 37.
6
What is the remainder when 1734 is divided by 1723?
11
What is the remainder when 59408 is divided by 457?
455
Calculate the remainder when 204869 is divided by 34141.
23
What is the remainder when 19473 is divided by 182?
181
What is the remainder when 61637 is divided by 268?
265
What is the remainder when 640355 is divided by 204?
203
What is the remainder when 95307 is divided by 836?
3
What is the remainder when 5515 is divided by 4917?
598
What is the remainder when 1095 is divided by 496?
103
What is the remainder when 10189 is divided by 3394?
7
What is the remainder when 1618470 is divided by 237?
234
What is the remainder when 11941 is divided by 162?
115
Calculate the remainder when 910001 is divided by 202.
193
What is the remainder when 115850 is divided by 219?
218
Calculate the remainder when 506 is divided by 36.
2
What is the remainder when 102463 is divided by 51227?
9
Calculate the remainder when 34287 is divided by 32.
15
Calculate the remainder when 55586 is divided by 2525.
36
Calculate the remainder when 411048 is divided by 757.
754
Calculate the remainder when 1163 is divided by 790.
373
Calculate the remainder when 30798 is divided by 55.
53
What is the remainder when 1865 is divided by 211?
177
Calculate the remainder when 350148 is divided by 506.
502
What is the remainder when 563590 is divided by 18?
10
What is the remainder when 13852 is divided by 2306?
16
Calculate the remainder when 11388 is divided by 18.
12
What is the remainder when 36771 is divided by 694?
683
What is the remainder when 249829 is divided by 487?
485
What is the remainder when 2474 is divided by 824?
2
What is the remainder when 2651 is divided by 332?
327
What is the remainder when 1006 is divided by 201?
1
Calculate the remainder when 10018 is divided by 5005.
8
What is the remainder when 2413060 is divided by 96522?
10
What is the remainder when 7830 is divided by 351?
108
What is the remainder when 6108 is divided by 390?
258
What is the remainder when 36508 is divided by 55?
43
Calculate the remainder when 2458 is divided by 783.
109
Calculate the remainder when 217193 is divided by 28.
25
Calculate the remainder when 466896 is divided by 43.
2
What is the remainder when 1456 is divided by 1422?
34
What is the remainder when 31341 is divided by 8?
5
Calculate the remainder when 4606 is divided by 1529.
19
Calculate the remainder when 22108 is divided by 5524.
12
Calculate the remainder when 3773 is divided by 30.
23
What is the remainder when 17559 is divided by 40?
39
What is the remainder when 2283 is divided by 36?
15
What is the remainder when 99 is divided by 58?
41
What is the remainder when 232212 is divided by 24?
12
What is the remainder when 23592 is divided by 125?
92
Calculate the remainder when 100705 is divided by 406.
17
What is the remainder when 1282 is divided by 349?
235
What is the remainder when 2280 is divided by 729?
93
Calculate the remainder when 4075 is divided by 1016.
11
Calculate the remainder when 115474 is divided by 611.
606
Calculate the remainder when 55520 is divided by 1500.
20
Calculate the remainder when 9932 is divided by 23.
19
What is the remainder when 5099 is divided by 1648?
155
What is the remainder when 6913 is divided by 1382?
3
What is the remainder when 31442 is divided by 827?
16
What is the remainder when 18325 is divided by 5962?
439
What is the remainder when 1925 is divided by 149?
137
Calculate the remainder when 13615 is divided by 4537.
4
Calculate the remainder when 34935 is divided by 794.
793
Calculate the remainder when 1645941 is divided by 822969.
3
What is the remainder when 1980 is divided by 486?
36
What is the remainder when 39071 is divided by 7814?
1
Calculate the remainder when 240846 is divided by 60211.
2
What is the remainder when 11628 is divided by 11624?
4
What is the remainder when 12657 is divided by 218?
13
Calculate the remainder when 2855 is divided by 2847.
8
Calculate the remainder when 2302 is divided by 48.
46
What is the remainder when 186555 is divided by 93257?
41
What is the remainder when 8004 is divided by 3857?
290
Calculate the remainder when 204018 is divided by 4.
2
What is the remainder when 141495 is divided by 63?
60
What is the remainder when 4712253 is divided by 192?
189
Calculate the remainder when 9195 is divided by 533.
134
What is the remainder when 787448 is divided by 469?
466
Calculate the remainder when 602979 is divided by 590.
589
Calculate the remainder when 2099 is divided by 593.
320
Calculate the remainder when 1380231 is divided by 1383.
1380
What is the remainder when 1907 is divided by 151?
95
Calculate the remainder when 10193940 is divided by 283.
280
Calculate the remainder when 58858 is divided by 1898.
20
Calculate the remainder when 2146 is divided by 69.
7
What is the remainder when 79787 is divided by 79785?
2
What is the remainder when 1230424 is divided by 51?
49
What is the remainder when 34742 is divided by 31?
22
What is the remainder when 1692 is divided by 26?
2
What is the remainder when 70479 is divided by 35232?
15
What is the remainder when 666 is divided by 83?
2
Calculate the remainder when 2293 is divided by 285.
13
Calculate the remainder when 63488 is divided by 2280.
1928
What is the remainder when 1699 is divided by 399?
103
What is the remainder when 244236 is divided by 23?
22
Calculate the remainder when 90645 is divided by 22651.
41
What is the remainder when 8140 is divided by 509?
505
Calculate the remainder when 20594 is divided by 3.
2
What is the remainder when 262127 is divided by 344?
343
Calculate the remainder when 71002 is divided by 70990.
12
Calculate the remainder when 3066 is divided by 1022.
0
Calculate the remainder when 47597 is divided by 4759.
7
What is the remainder when 141252 is divided by 219?
216
Calculate the remainder when 676782 is divided by 8.
6
Calculate the remainder when 135754 is divided by 81.
